{"id":13332,"date":"2015-01-28T18:59:30","date_gmt":"2015-01-28T16:59:30","guid":{"rendered":"https:\/\/editura-unibuc.ro\/?p=13332"},"modified":"2019-10-11T12:54:56","modified_gmt":"2019-10-11T09:54:56","slug":"du-foyer-au-forum-pour-une-sociogenese-du-feminisme-roumain-au-xixe-siecle","status":"publish","type":"product","link":"https:\/\/editura-unibuc.ro\/en\/du-foyer-au-forum-pour-une-sociogenese-du-feminisme-roumain-au-xixe-siecle\/","title":{"rendered":"AT THE FORUM ENTRANCE: THE SOCIOGENESIS OF ROMANIAN FEMINISM IN THE 19TH CENTURY"},"content":{"rendered":"<p>\u201cLe f\u00e9minisme n\u2019est pas un sujet \u00e0 part, exotique: il est partie prenante de l\u2019histoire, de la philosophie politique et sociale d\u2019une \u00e9poque. Travailler sur la sociogen\u00e8se de f\u00e9minisme roumain revient \u00e0 travailler sur le processus de modernization selon le mod\u00e8le occidental, sur la construction politique et juridique du r\u00e9gime d\u00e9mocratique, sur l\u2019enorme production id\u00e9ologique nationale. Inversement, travailler sur tous ces autres prcessus en ignorant la parole et l\u2019action des femmes, c\u2019est ignorer une partie de la dynamique et rapports sociaux, laisser de c\u00f4t\u00e9 une perspective id\u00e9ologique constitutive de l\u2019horizon de pens\u00e9e de l\u2019\u00e9poque.\u201d<\/p>\n","protected":false},"excerpt":{"rendered":"<p>\u201cLe f\u00e9minisme n\u2019est pas un sujet \u00e0 part, exotique: il est partie prenante de l\u2019histoire, de la philosophie politique et sociale d\u2019une \u00e9poque. Travailler sur la sociogen\u00e8se de f\u00e9minisme roumain revient \u00e0 travailler sur le processus de modernization selon le mod\u00e8le occidental, sur la construction politique et juridique du r\u00e9gime d\u00e9mocratique, sur l\u2019enorme production id\u00e9ologique [&hellip;]<\/p>\n","protected":false},"featured_media":13333,"comment_status":"open","ping_status":"closed","template":"","meta":[],"product_brand":[],"product_cat":[991,995],"product_tag":[876,877,1022],"class_list":{"0":"post-13332","1":"product","2":"type-product","3":"status-publish","4":"has-post-thumbnail","6":"product_cat-stiinte-sociale","7":"product_cat-istorie-stiinte-politice","8":"product_tag-feminism","9":"product_tag-franceza","10":"product_tag-secolul-xix","12":"first","13":"instock","14":"shipping-taxable","15":"purchasable","16":"product-type-simple"},"_links":{"self":[{"href":"https:\/\/editura-unibuc.ro\/en\/wp-json\/wp\/v2\/product\/13332","targetHints":{"allow":["GET"]}}],"collection":[{"href":"https:\/\/editura-unibuc.ro\/en\/wp-json\/wp\/v2\/product"}],"about":[{"href":"https:\/\/editura-unibuc.ro\/en\/wp-json\/wp\/v2\/types\/product"}],"replies":[{"embeddable":true,"href":"https:\/\/editura-unibuc.ro\/en\/wp-json\/wp\/v2\/comments?post=13332"}],"wp:featuredmedia":[{"embeddable":true,"href":"https:\/\/editura-unibuc.ro\/en\/wp-json\/wp\/v2\/media\/13333"}],"wp:attachment":[{"href":"https:\/\/editura-unibuc.ro\/en\/wp-json\/wp\/v2\/media?parent=13332"}],"wp:term":[{"taxonomy":"product_brand","embeddable":true,"href":"https:\/\/editura-unibuc.ro\/en\/wp-json\/wp\/v2\/product_brand?post=13332"},{"taxonomy":"product_cat","embeddable":true,"href":"https:\/\/editura-unibuc.ro\/en\/wp-json\/wp\/v2\/product_cat?post=13332"},{"taxonomy":"product_tag","embeddable":true,"href":"https:\/\/editura-unibuc.ro\/en\/wp-json\/wp\/v2\/product_tag?post=13332"}],"curies":[{"name":"wp","href":"https:\/\/api.w.org\/{rel}","templated":true}]}}

<p>“Le féminisme n’est pas un sujet à part, exotique: il est partie prenante de l’histoire, de la philosophie politique et sociale d’une époque. Travailler sur la sociogenèse de féminisme roumain revient à travailler sur le processus de modernization selon le modèle occidental, sur la construction politique et juridique du régime démocratique, sur l’enorme production idéologique nationale. Inversement, travailler sur tous ces autres prcessus en ignorant la parole et l’action des femmes, c’est ignorer une partie de la dynamique et rapports sociaux, laisser de côté une perspective idéologique constitutive de l’horizon de pensée de l’époque.”</p>

<p>“Le féminisme n’est pas un sujet à part, exotique: il est partie prenante de l’histoire, de la philosophie politique et sociale d’une époque. Travailler sur la sociogenèse de féminisme roumain revient à travailler sur le processus de modernization selon le modèle occidental, sur la construction politique et juridique du régime démocratique, sur l’enorme production idéologique [&hellip;]</p>
