{"id":1824,"date":"2012-09-10T12:28:11","date_gmt":"2012-09-10T09:28:11","guid":{"rendered":"https:\/\/editura-unibuc.ro\/?p=1824"},"modified":"2015-03-12T21:55:20","modified_gmt":"2015-03-12T19:55:20","slug":"manastirea-namaiesti-namaiesti-monastery","status":"publish","type":"product","link":"https:\/\/editura-unibuc.ro\/en\/manastirea-namaiesti-namaiesti-monastery\/","title":{"rendered":"M\u0102N\u0102STIREA N\u0102M\u0102IE\u0218TI \u2013 N\u0102M\u0102IE\u0218TI MONASTERY"},"content":{"rendered":"<p>Ca s\u0103 afl\u0103m istoricul locurilor, trebuie s\u0103 citim \u00een litera chirilic\u0103 a vremii c\u0103, la 1 iulie 1506, Radu cel Mare, m\u0103re\u021bul voievod al \u021a\u0103rii Rom\u00e2ne\u0219ti, \u00eent\u0103rea lui Lucaci sp\u0103tar, jupanului Iacov \u0219i altor boieri satul Mogo\u0219ani \u0219i p\u0103r\u021bi din N\u0103m\u0103ie\u0219ti, pentru ca, la 1 august 1554, P\u0103tra\u0219cu cel Bun, alt domn muntean, s\u0103 \u00eent\u0103reasc\u0103 acelea\u0219i sate \u0219i mo\u0219ii fiilor lui Lucaci sp\u0103tar \u0219i celorlal\u021bi boieri.<\/p>\n","protected":false},"excerpt":{"rendered":"<p>Ca s\u0103 afl\u0103m istoricul locurilor, trebuie s\u0103 citim \u00een litera chirilic\u0103 a vremii c\u0103, la 1 iulie 1506, Radu cel Mare, m\u0103re\u021bul voievod al \u021a\u0103rii Rom\u00e2ne\u0219ti, \u00eent\u0103rea lui Lucaci sp\u0103tar, jupanului Iacov \u0219i altor boieri satul Mogo\u0219ani \u0219i p\u0103r\u021bi din N\u0103m\u0103ie\u0219ti, pentru ca, la 1 august 1554, P\u0103tra\u0219cu cel Bun, alt domn muntean, s\u0103 \u00eent\u0103reasc\u0103 [&hellip;]<\/p>\n","protected":false},"featured_media":11023,"comment_status":"closed","ping_status":"closed","template":"","meta":[],"product_brand":[],"product_cat":[991,995],"product_tag":[881,1376],"class_list":{"0":"post-1824","1":"product","2":"type-product","3":"status-publish","4":"has-post-thumbnail","6":"product_cat-stiinte-sociale","7":"product_cat-istorie-stiinte-politice","8":"product_tag-istorie","9":"product_tag-manastirea-namaiesti","11":"first","12":"instock","13":"shipping-taxable","14":"purchasable","15":"product-type-simple"},"_links":{"self":[{"href":"https:\/\/editura-unibuc.ro\/en\/wp-json\/wp\/v2\/product\/1824","targetHints":{"allow":["GET"]}}],"collection":[{"href":"https:\/\/editura-unibuc.ro\/en\/wp-json\/wp\/v2\/product"}],"about":[{"href":"https:\/\/editura-unibuc.ro\/en\/wp-json\/wp\/v2\/types\/product"}],"replies":[{"embeddable":true,"href":"https:\/\/editura-unibuc.ro\/en\/wp-json\/wp\/v2\/comments?post=1824"}],"wp:featuredmedia":[{"embeddable":true,"href":"https:\/\/editura-unibuc.ro\/en\/wp-json\/wp\/v2\/media\/11023"}],"wp:attachment":[{"href":"https:\/\/editura-unibuc.ro\/en\/wp-json\/wp\/v2\/media?parent=1824"}],"wp:term":[{"taxonomy":"product_brand","embeddable":true,"href":"https:\/\/editura-unibuc.ro\/en\/wp-json\/wp\/v2\/product_brand?post=1824"},{"taxonomy":"product_cat","embeddable":true,"href":"https:\/\/editura-unibuc.ro\/en\/wp-json\/wp\/v2\/product_cat?post=1824"},{"taxonomy":"product_tag","embeddable":true,"href":"https:\/\/editura-unibuc.ro\/en\/wp-json\/wp\/v2\/product_tag?post=1824"}],"curies":[{"name":"wp","href":"https:\/\/api.w.org\/{rel}","templated":true}]}}

MĂNĂSTIREA NĂMĂIEȘTI – NĂMĂIEȘTI MONASTERY

<p>Ca să aflăm istoricul locurilor, trebuie să citim în litera chirilică a vremii că, la 1 iulie 1506, Radu cel Mare, mărețul voievod al Țării Românești, întărea lui Lucaci spătar, jupanului Iacov și altor boieri satul Mogoșani și părți din Nămăiești, pentru ca, la 1 august 1554, Pătrașcu cel Bun, alt domn muntean, să întărească aceleași sate și moșii fiilor lui Lucaci spătar și celorlalți boieri.</p>

<p>Ca să aflăm istoricul locurilor, trebuie să citim în litera chirilică a vremii că, la 1 iulie 1506, Radu cel Mare, mărețul voievod al Țării Românești, întărea lui Lucaci spătar, jupanului Iacov și altor boieri satul Mogoșani și părți din Nămăiești, pentru ca, la 1 august 1554, Pătrașcu cel Bun, alt domn muntean, să întărească [&hellip;]</p>
