{"id":19646,"date":"2017-08-10T13:49:06","date_gmt":"2017-08-10T10:49:06","guid":{"rendered":"https:\/\/editura-unibuc.ro\/?post_type=product&#038;p=19646"},"modified":"2025-08-28T11:55:16","modified_gmt":"2025-08-28T08:55:16","slug":"negatie-si-concordanta-negativa-in-romania-actuala-o-evaluare-critica","status":"publish","type":"product","link":"https:\/\/editura-unibuc.ro\/en\/negatie-si-concordanta-negativa-in-romania-actuala-o-evaluare-critica\/","title":{"rendered":"NEGA\u0162IE \u015eI CONCORDAN\u0162\u0102 NEGATIV\u0102 \u00ceN ROM\u00c2NA ACTUAL\u0102. O EVALUARE CRITIC\u0102"},"content":{"rendered":"<p>Aceast\u0103 lucrare schi\u0163eaz\u0103 o hart\u0103 \u015fi, \u00een acela\u015fi timp, o analiz\u0103 critic\u0103 a perspectivelor de referin\u0163\u0103 asupra nega\u0163iei \u015fi a concordan\u0163ei negative \u00een limba rom\u00e2n\u0103. <\/p>\n<p>Cartea se adreseaz\u0103 cercet\u0103torilor lingvi\u015fti, cadrelor didactice care predau limba rom\u00e2n\u0103, studen\u0163ilor filologi \u015fi tuturor celor interesa\u0163i de fenomenul nega\u0163iei \u00een limba rom\u00e2n\u0103. <\/p>\n","protected":false},"excerpt":{"rendered":"<p>Aceast\u0103 lucrare schi\u0163eaz\u0103 o hart\u0103 \u015fi, \u00een acela\u015fi timp, o analiz\u0103 critic\u0103 a perspectivelor de referin\u0163\u0103 asupra nega\u0163iei \u015fi a concordan\u0163ei negative \u00een limba rom\u00e2n\u0103. Cartea se adreseaz\u0103 cercet\u0103torilor lingvi\u015fti, cadrelor didactice care predau limba rom\u00e2n\u0103, studen\u0163ilor filologi \u015fi tuturor celor interesa\u0163i de fenomenul nega\u0163iei \u00een limba rom\u00e2n\u0103.<\/p>\n","protected":false},"featured_media":19647,"comment_status":"open","ping_status":"closed","template":"","meta":[],"product_brand":[],"product_cat":[1531,2756,1464,979],"product_tag":[2759,1044,1011,2757,2758],"class_list":{"0":"post-19646","1":"product","2":"type-product","3":"status-publish","4":"has-post-thumbnail","6":"product_cat-colectii","7":"product_cat-lingvistica-lingua","8":"product_cat-filologie","9":"product_cat-limba-romana","10":"product_tag-concordanta-negativa","11":"product_tag-filologie","12":"product_tag-limba-romana","13":"product_tag-mihaela-ionescu","14":"product_tag-negatie","16":"first","17":"instock","18":"shipping-taxable","19":"purchasable","20":"product-type-simple"},"_links":{"self":[{"href":"https:\/\/editura-unibuc.ro\/en\/wp-json\/wp\/v2\/product\/19646","targetHints":{"allow":["GET"]}}],"collection":[{"href":"https:\/\/editura-unibuc.ro\/en\/wp-json\/wp\/v2\/product"}],"about":[{"href":"https:\/\/editura-unibuc.ro\/en\/wp-json\/wp\/v2\/types\/product"}],"replies":[{"embeddable":true,"href":"https:\/\/editura-unibuc.ro\/en\/wp-json\/wp\/v2\/comments?post=19646"}],"wp:featuredmedia":[{"embeddable":true,"href":"https:\/\/editura-unibuc.ro\/en\/wp-json\/wp\/v2\/media\/19647"}],"wp:attachment":[{"href":"https:\/\/editura-unibuc.ro\/en\/wp-json\/wp\/v2\/media?parent=19646"}],"wp:term":[{"taxonomy":"product_brand","embeddable":true,"href":"https:\/\/editura-unibuc.ro\/en\/wp-json\/wp\/v2\/product_brand?post=19646"},{"taxonomy":"product_cat","embeddable":true,"href":"https:\/\/editura-unibuc.ro\/en\/wp-json\/wp\/v2\/product_cat?post=19646"},{"taxonomy":"product_tag","embeddable":true,"href":"https:\/\/editura-unibuc.ro\/en\/wp-json\/wp\/v2\/product_tag?post=19646"}],"curies":[{"name":"wp","href":"https:\/\/api.w.org\/{rel}","templated":true}]}}

NEGAŢIE ŞI CONCORDANŢĂ NEGATIVĂ ÎN ROMÂNA ACTUALĂ. O EVALUARE CRITICĂ

<p>Această lucrare schiţează o hartă şi, în acelaşi timp, o analiză critică a perspectivelor de referinţă asupra negaţiei şi a concordanţei negative în limba română. </p>
<p>Cartea se adresează cercetătorilor lingvişti, cadrelor didactice care predau limba română, studenţilor filologi şi tuturor celor interesaţi de fenomenul negaţiei în limba română. </p>

<p>Această lucrare schiţează o hartă şi, în acelaşi timp, o analiză critică a perspectivelor de referinţă asupra negaţiei şi a concordanţei negative în limba română. Cartea se adresează cercetătorilor lingvişti, cadrelor didactice care predau limba română, studenţilor filologi şi tuturor celor interesaţi de fenomenul negaţiei în limba română.</p>
