{"id":2629,"date":"2012-09-28T09:29:33","date_gmt":"2012-09-28T06:29:33","guid":{"rendered":"https:\/\/editura-unibuc.ro\/?p=2629"},"modified":"2025-08-06T14:14:20","modified_gmt":"2025-08-06T11:14:20","slug":"la-communication-verbale","status":"publish","type":"product","link":"https:\/\/editura-unibuc.ro\/en\/la-communication-verbale\/","title":{"rendered":"VERBAL COMMUNICATION"},"content":{"rendered":"<p>La sociolinguistique, discipline de fronti\u00e8re relativement nouvelle, \u00e9tudiant de fa\u00e7on coh\u00e9rente et syst\u00e9matique le fonctionnement de la langue dans son contexte extralinguistique naturel, permet d\u2019aborder la communication interhumaine en tant que processus, aidant \u00e0 \u00abd\u00e9monter\u00bb le m\u00e9canisme complexe de cette activit\u00e9 (verbale et non verbale). Ayant adopt\u00e9 ce point de vue et s\u2019appuyant sur un riche corpus, l\u2019auteur de cet ouvrage est parvenu, au terme de sa recherche, \u00e0 d\u00e9celer quelques r\u00e9gularit\u00e9s qui concernent d\u2019une part la communication orale, \u00e9crite et \u00abmixte\u00bb en g\u00e9n\u00e9ral, et, d\u2019autre part, la r\u00e9alisation effective de la communication en fran\u00e7ais et en roumain.<\/p>\n","protected":false},"excerpt":{"rendered":"<p>La sociolinguistique, discipline de fronti\u00e8re relativement nouvelle, \u00e9tudiant de fa\u00e7on coh\u00e9rente et syst\u00e9matique le fonctionnement de la langue dans son contexte extralinguistique naturel, permet d\u2019aborder la communication interhumaine en tant que processus, aidant \u00e0 \u00abd\u00e9monter\u00bb le m\u00e9canisme complexe de cette activit\u00e9 (verbale et non verbale). Ayant adopt\u00e9 ce point de vue et s\u2019appuyant sur un [&hellip;]<\/p>\n","protected":false},"featured_media":10638,"comment_status":"open","ping_status":"closed","template":"","meta":[],"product_brand":[],"product_cat":[1464,977],"product_tag":[1202,877],"class_list":{"0":"post-2629","1":"product","2":"type-product","3":"status-publish","4":"has-post-thumbnail","6":"product_cat-filologie","7":"product_cat-limba-franceza","8":"product_tag-comunicare","9":"product_tag-franceza","11":"first","12":"instock","13":"shipping-taxable","14":"purchasable","15":"product-type-simple"},"_links":{"self":[{"href":"https:\/\/editura-unibuc.ro\/en\/wp-json\/wp\/v2\/product\/2629","targetHints":{"allow":["GET"]}}],"collection":[{"href":"https:\/\/editura-unibuc.ro\/en\/wp-json\/wp\/v2\/product"}],"about":[{"href":"https:\/\/editura-unibuc.ro\/en\/wp-json\/wp\/v2\/types\/product"}],"replies":[{"embeddable":true,"href":"https:\/\/editura-unibuc.ro\/en\/wp-json\/wp\/v2\/comments?post=2629"}],"wp:featuredmedia":[{"embeddable":true,"href":"https:\/\/editura-unibuc.ro\/en\/wp-json\/wp\/v2\/media\/10638"}],"wp:attachment":[{"href":"https:\/\/editura-unibuc.ro\/en\/wp-json\/wp\/v2\/media?parent=2629"}],"wp:term":[{"taxonomy":"product_brand","embeddable":true,"href":"https:\/\/editura-unibuc.ro\/en\/wp-json\/wp\/v2\/product_brand?post=2629"},{"taxonomy":"product_cat","embeddable":true,"href":"https:\/\/editura-unibuc.ro\/en\/wp-json\/wp\/v2\/product_cat?post=2629"},{"taxonomy":"product_tag","embeddable":true,"href":"https:\/\/editura-unibuc.ro\/en\/wp-json\/wp\/v2\/product_tag?post=2629"}],"curies":[{"name":"wp","href":"https:\/\/api.w.org\/{rel}","templated":true}]}}

<p>La sociolinguistique, discipline de frontière relativement nouvelle, étudiant de façon cohérente et systématique le fonctionnement de la langue dans son contexte extralinguistique naturel, permet d’aborder la communication interhumaine en tant que processus, aidant à «démonter» le mécanisme complexe de cette activité (verbale et non verbale). Ayant adopté ce point de vue et s’appuyant sur un riche corpus, l’auteur de cet ouvrage est parvenu, au terme de sa recherche, à déceler quelques régularités qui concernent d’une part la communication orale, écrite et «mixte» en général, et, d’autre part, la réalisation effective de la communication en français et en roumain.</p>

<p>La sociolinguistique, discipline de frontière relativement nouvelle, étudiant de façon cohérente et systématique le fonctionnement de la langue dans son contexte extralinguistique naturel, permet d’aborder la communication interhumaine en tant que processus, aidant à «démonter» le mécanisme complexe de cette activité (verbale et non verbale). Ayant adopté ce point de vue et s’appuyant sur un [&hellip;]</p>
