{"id":27779,"date":"2020-09-01T21:38:28","date_gmt":"2020-09-01T18:38:28","guid":{"rendered":"https:\/\/editura-unibuc.ro\/?post_type=product&#038;p=27779"},"modified":"2025-05-08T12:04:57","modified_gmt":"2025-05-08T09:04:57","slug":"geografia-umana-si-economica-a-europei","status":"publish","type":"product","link":"https:\/\/editura-unibuc.ro\/en\/geografia-umana-si-economica-a-europei\/","title":{"rendered":"THE HUMAN AND ECONOMIC GEOGRAPHY OF EUROPE"},"content":{"rendered":"<hr \/>\n<p><strong><a href=\"https:\/\/books.google.ro\/books\/about?id=FB9AEAAAQBAJ&#038;redir_esc=y\" target=\"_blank\" rel=\"noopener\"><img decoding=\"async\" src=\"https:\/\/editura-unibuc.ro\/wp-content\/uploads\/2025\/04\/goo.png\" \/>Google Books<\/a><\/strong><br \/>&nbsp;<\/p>\n<hr \/>\n<p>\u201eVolumul reprezint\u0103 o sintez\u0103 a activit\u0103\u021bilor de documentare bibliografic\u0103 \u0219i prelucrare a informa\u021biilor \u0219tiin\u021bifice existente \u00een literatura geografic\u0103 na\u021bional\u0103 \u0219i interna\u021bional\u0103, asupra cadrului uman \u0219i economic al continentului european,  desf\u0103\u0219urate pe parcursul a mai bine de cinci ani, \u00een calitate de titular de curs la specializ\u0103rile Geografie \u0219i Planificare Teritorial\u0103. Demersul de publicare a lucr\u0103rii a fost ini\u021biat din dorin\u021ba de a pune la dispozi\u021bia studen\u021bilor, a profesorilor de geografie, dar \u0219i a publicului larg, o surs\u0103 de documentare asupra problemelor fundamentale \u0219i actuale ale geografiei umane \u0219i economice a Europei.\u201d (Autoarea)<\/p>\n","protected":false},"excerpt":{"rendered":"<p>Google Books&nbsp; \u201eVolumul reprezint\u0103 o sintez\u0103 a activit\u0103\u021bilor de documentare bibliografic\u0103 \u0219i prelucrare a informa\u021biilor \u0219tiin\u021bifice existente \u00een literatura geografic\u0103 na\u021bional\u0103 \u0219i interna\u021bional\u0103, asupra cadrului uman \u0219i economic al continentului european, desf\u0103\u0219urate pe parcursul a mai bine de cinci ani, \u00een calitate de titular de curs la specializ\u0103rile Geografie \u0219i Planificare Teritorial\u0103. Demersul de publicare [&hellip;]<\/p>\n","protected":false},"featured_media":27781,"comment_status":"open","ping_status":"closed","template":"","meta":[],"product_brand":[],"product_cat":[1531,2588,1466,989],"product_tag":[931,903,3584,911],"class_list":{"0":"post-27779","1":"product","2":"type-product","3":"status-publish","4":"has-post-thumbnail","6":"product_cat-colectii","7":"product_cat-geographica","8":"product_cat-stiinte-ale-naturii","9":"product_cat-geografie","10":"product_tag-europa","11":"product_tag-geografie","12":"product_tag-geografie-economica","13":"product_tag-geografie-umana","15":"first","16":"instock","17":"shipping-taxable","18":"purchasable","19":"product-type-simple"},"_links":{"self":[{"href":"https:\/\/editura-unibuc.ro\/en\/wp-json\/wp\/v2\/product\/27779","targetHints":{"allow":["GET"]}}],"collection":[{"href":"https:\/\/editura-unibuc.ro\/en\/wp-json\/wp\/v2\/product"}],"about":[{"href":"https:\/\/editura-unibuc.ro\/en\/wp-json\/wp\/v2\/types\/product"}],"replies":[{"embeddable":true,"href":"https:\/\/editura-unibuc.ro\/en\/wp-json\/wp\/v2\/comments?post=27779"}],"wp:featuredmedia":[{"embeddable":true,"href":"https:\/\/editura-unibuc.ro\/en\/wp-json\/wp\/v2\/media\/27781"}],"wp:attachment":[{"href":"https:\/\/editura-unibuc.ro\/en\/wp-json\/wp\/v2\/media?parent=27779"}],"wp:term":[{"taxonomy":"product_brand","embeddable":true,"href":"https:\/\/editura-unibuc.ro\/en\/wp-json\/wp\/v2\/product_brand?post=27779"},{"taxonomy":"product_cat","embeddable":true,"href":"https:\/\/editura-unibuc.ro\/en\/wp-json\/wp\/v2\/product_cat?post=27779"},{"taxonomy":"product_tag","embeddable":true,"href":"https:\/\/editura-unibuc.ro\/en\/wp-json\/wp\/v2\/product_tag?post=27779"}],"curies":[{"name":"wp","href":"https:\/\/api.w.org\/{rel}","templated":true}]}}

<hr />
<p><strong><a href="https://books.google.ro/books/about?id=FB9AEAAAQBAJ&#038;redir_esc=y" target="_blank" rel="noopener"><img decoding="async" src="https://editura-unibuc.ro/wp-content/uploads/2025/04/goo.png" />Google Books</a></strong><br />&nbsp;</p>
<hr />
<p>„Volumul reprezintă o sinteză a activităților de documentare bibliografică și prelucrare a informațiilor științifice existente în literatura geografică națională și internațională, asupra cadrului uman și economic al continentului european,  desfășurate pe parcursul a mai bine de cinci ani, în calitate de titular de curs la specializările Geografie și Planificare Teritorială. Demersul de publicare a lucrării a fost inițiat din dorința de a pune la dispoziția studenților, a profesorilor de geografie, dar și a publicului larg, o sursă de documentare asupra problemelor fundamentale și actuale ale geografiei umane și economice a Europei.” (Autoarea)</p>

<p>Google Books&nbsp; „Volumul reprezintă o sinteză a activităților de documentare bibliografică și prelucrare a informațiilor științifice existente în literatura geografică națională și internațională, asupra cadrului uman și economic al continentului european, desfășurate pe parcursul a mai bine de cinci ani, în calitate de titular de curs la specializările Geografie și Planificare Teritorială. Demersul de publicare [&hellip;]</p>
