{"id":51761,"date":"2026-02-27T10:14:04","date_gmt":"2026-02-27T08:14:04","guid":{"rendered":"https:\/\/editura-unibuc.ro\/?post_type=product&#038;p=51761"},"modified":"2026-04-08T09:14:25","modified_gmt":"2026-04-08T06:14:25","slug":"achizit-ia-actelor-de-vorbire-directive-i-n-limba-roma-na-de-ca-tre-non-nativi","status":"publish","type":"product","link":"https:\/\/editura-unibuc.ro\/en\/achizit-ia-actelor-de-vorbire-directive-i-n-limba-roma-na-de-ca-tre-non-nativi\/","title":{"rendered":"ACHIZI\u021aIA ACTELOR DE VORBIRE DIRECTIVE \u00ceN LIMBA ROM\u00c2N\u0102 DE C\u0102TRE NON-NATIVI"},"content":{"rendered":"","protected":false},"excerpt":{"rendered":"<hr \/>\n<p><strong><a href=\"https:\/\/books.google.ro\/books\/about?id=gq_OEQAAQBAJ&#038;redir_esc=y\" target=\"_blank\" rel=\"noopener\"><img decoding=\"async\" src=\"https:\/\/editura-unibuc.ro\/wp-content\/uploads\/2025\/04\/goo.png\" \/>Google Books<\/a><\/strong><br \/>&nbsp;<\/p>\n<hr \/>\n<p>Volumul de fa\u021b\u0103 es\u021be o lucrare in\u021berdisciplinar\u0103, ce reune\u0219te no\u021biuni de pragma\u021bic\u0103 \u0219i lingvis\u021bic\u0103 aplicat\u0103, cu scopul de a iden\u021bifica \u0219i de a prezenta s\u021bra\u021begii de dezvol\u021bare a competen\u021bei pragma\u021bice \u00een r\u00e2ndul vorbitorilor non-na\u021bivi de limba rom\u00e2n\u0103. Include un corpus alc\u0103tui\u021b din transcrierea secven\u021belor care con\u021bin ac\u021be de vorbire direc\u021bive ex\u021brase din filme de scur\u021b, mediu \u0219i lungme\u021braj, reprezen\u021ba\u021bivehttps:\/\/books.google.ro\/books\/about?id=gq_OEQAAQBAJ&#038;redir_esc=y pen\u021bru genul \u201eNoul val\u201d al cinema\u021bografiei rom\u00e2ne\u0219ti. Dimensiunea \u021beore\u021bic\u0103, ce aduce \u00een discu\u021bie procesul de \u00eensu\u0219ire a unei limbi s\u021br\u0103ine (L2), dezvol\u021barea compe\u021ben\u021bei pragma\u021bice, \u00een mod deosebi\u021b a actelor de vorbire direc\u021bive, \u0219i ma\u021berialele-cadru exis\u021bente \u00een domeniul pred\u0103rii limbilor s\u021br\u0103ine, es\u021be completat\u0103 de o abordare practic\u0103 a no\u021biunilor prezentate, concretizat\u0103 \u00een recomand\u0103ri de planuri de lec\u021bie dedicate limbii rom\u00e2ne ca limb\u0103 str\u0103in\u0103, pen\u021bru nivelurile de competen\u021b\u0103 lingvis\u021bic\u0103 A1, A2, B1 \u0219i B2.<\/p>\n","protected":false},"featured_media":51931,"comment_status":"open","ping_status":"closed","template":"","meta":[],"product_brand":[],"product_cat":[3823,1531,2756,1464,979],"product_tag":[3897],"class_list":{"0":"post-51761","1":"product","2":"type-product","3":"status-publish","4":"has-post-thumbnail","6":"product_cat-stiinte-umane","7":"product_cat-colectii","8":"product_cat-lingvistica-lingua","9":"product_cat-filologie","10":"product_cat-limba-romana","11":"product_tag-lingvistica-aplicata","13":"first","14":"instock","15":"shipping-taxable","16":"purchasable","17":"product-type-simple"},"_links":{"self":[{"href":"https:\/\/editura-unibuc.ro\/en\/wp-json\/wp\/v2\/product\/51761","targetHints":{"allow":["GET"]}}],"collection":[{"href":"https:\/\/editura-unibuc.ro\/en\/wp-json\/wp\/v2\/product"}],"about":[{"href":"https:\/\/editura-unibuc.ro\/en\/wp-json\/wp\/v2\/types\/product"}],"replies":[{"embeddable":true,"href":"https:\/\/editura-unibuc.ro\/en\/wp-json\/wp\/v2\/comments?post=51761"}],"wp:featuredmedia":[{"embeddable":true,"href":"https:\/\/editura-unibuc.ro\/en\/wp-json\/wp\/v2\/media\/51931"}],"wp:attachment":[{"href":"https:\/\/editura-unibuc.ro\/en\/wp-json\/wp\/v2\/media?parent=51761"}],"wp:term":[{"taxonomy":"product_brand","embeddable":true,"href":"https:\/\/editura-unibuc.ro\/en\/wp-json\/wp\/v2\/product_brand?post=51761"},{"taxonomy":"product_cat","embeddable":true,"href":"https:\/\/editura-unibuc.ro\/en\/wp-json\/wp\/v2\/product_cat?post=51761"},{"taxonomy":"product_tag","embeddable":true,"href":"https:\/\/editura-unibuc.ro\/en\/wp-json\/wp\/v2\/product_tag?post=51761"}],"curies":[{"name":"wp","href":"https:\/\/api.w.org\/{rel}","templated":true}]}}

ACHIZIȚIA ACTELOR DE VORBIRE DIRECTIVE ÎN LIMBA ROMÂNĂ DE CĂTRE NON-NATIVI

<hr />
<p><strong><a href="https://books.google.ro/books/about?id=gq_OEQAAQBAJ&#038;redir_esc=y" target="_blank" rel="noopener"><img decoding="async" src="https://editura-unibuc.ro/wp-content/uploads/2025/04/goo.png" />Google Books</a></strong><br />&nbsp;</p>
<hr />
<p>Volumul de față esțe o lucrare ințerdisciplinară, ce reunește noțiuni de pragmațică și lingvisțică aplicată, cu scopul de a idențifica și de a prezenta sțrațegii de dezvolțare a competenței pragmațice în rândul vorbitorilor non-națivi de limba română. Include un corpus alcătuiț din transcrierea secvențelor care conțin acțe de vorbire direcțive exțrase din filme de scurț, mediu și lungmețraj, reprezențațivehttps://books.google.ro/books/about?id=gq_OEQAAQBAJ&#038;redir_esc=y pențru genul „Noul val” al cinemațografiei românești. Dimensiunea țeorețică, ce aduce în discuție procesul de însușire a unei limbi sțrăine (L2), dezvolțarea compețenței pragmațice, în mod deosebiț a actelor de vorbire direcțive, și mațerialele-cadru exisțente în domeniul predării limbilor sțrăine, esțe completată de o abordare practică a noțiunilor prezentate, concretizată în recomandări de planuri de lecție dedicate limbii române ca limbă străină, pențru nivelurile de competență lingvisțică A1, A2, B1 și B2.</p>
