{"id":969,"date":"2012-08-30T12:38:39","date_gmt":"2012-08-30T09:38:39","guid":{"rendered":"https:\/\/editura-unibuc.ro\/?p=969"},"modified":"2025-08-07T09:17:27","modified_gmt":"2025-08-07T06:17:27","slug":"materialite-immaterialite-dans-l-eglise-au-moyen-age-actes-du-colloque-tenu-a-bucarest-les-22-23-octobre-2010","status":"publish","type":"product","link":"https:\/\/editura-unibuc.ro\/en\/materialite-immaterialite-dans-l-eglise-au-moyen-age-actes-du-colloque-tenu-a-bucarest-les-22-23-octobre-2010\/","title":{"rendered":"MATERIAL AND IMMATERIAL IN THE MEDIEVAL CHURCH. Papers of the Colloquium held in Bucharest 22-23 October 2010 Centre d&#8217;\u00e9tudes m\u00e9di\u00e9vales de l&#8217;Universit\u00e9 de Bucarest\/New Europe Coll\u00e8ge\/Universit\u00e9 Lille 3"},"content":{"rendered":"<p>Le volume est issu d\u2019une perspective interdisciplinaire. Des sp\u00e9cialistes de l\u2019Occident et de l\u2019Orient, des historiens, des historiens de l\u2019art, des philosophes et des litt\u00e9raires se sont r\u00e9unis pour discuter autour d\u2019un th\u00e8me commun, la materialit\u00e9 et immaterialit\u00e9 dans l\u2019 \u00c9glise m\u00e9di\u00e9vale. [\u2026] Le th\u00e8me est formul\u00e9 de mani\u00e8re \u00e0 souligner le lien entre la conception architecturale du lieu de culte et l\u2019id\u00e9e th\u00e9ologique de la communaut\u00e9 pneumatique qu\u2019est l\u2019 \u00c9glise, entre le langage symbolique du service divin et l\u2019intimit\u00e9 du v\u00e9cu religieux.<\/p>\n","protected":false},"excerpt":{"rendered":"<p>Le volume est issu d\u2019une perspective interdisciplinaire. Des sp\u00e9cialistes de l\u2019Occident et de l\u2019Orient, des historiens, des historiens de l\u2019art, des philosophes et des litt\u00e9raires se sont r\u00e9unis pour discuter autour d\u2019un th\u00e8me commun, la materialit\u00e9 et immaterialit\u00e9 dans l\u2019 \u00c9glise m\u00e9di\u00e9vale. [\u2026] Le th\u00e8me est formul\u00e9 de mani\u00e8re \u00e0 souligner le lien entre la [&hellip;]<\/p>\n","protected":false},"featured_media":10532,"comment_status":"open","ping_status":"closed","template":"","meta":[],"product_brand":[],"product_cat":[1531,857,1464,980],"product_tag":[959,863,881,919],"class_list":{"0":"post-969","1":"product","2":"type-product","3":"status-publish","4":"has-post-thumbnail","6":"product_cat-colectii","7":"product_cat-colectia-mediaevalia","8":"product_cat-filologie","9":"product_cat-limbi-romanice-clasice-si-orientale","10":"product_tag-arta","11":"product_tag-evul-mediu","12":"product_tag-istorie","13":"product_tag-literatura","15":"first","16":"outofstock","17":"shipping-taxable","18":"purchasable","19":"product-type-simple"},"_links":{"self":[{"href":"https:\/\/editura-unibuc.ro\/en\/wp-json\/wp\/v2\/product\/969","targetHints":{"allow":["GET"]}}],"collection":[{"href":"https:\/\/editura-unibuc.ro\/en\/wp-json\/wp\/v2\/product"}],"about":[{"href":"https:\/\/editura-unibuc.ro\/en\/wp-json\/wp\/v2\/types\/product"}],"replies":[{"embeddable":true,"href":"https:\/\/editura-unibuc.ro\/en\/wp-json\/wp\/v2\/comments?post=969"}],"wp:featuredmedia":[{"embeddable":true,"href":"https:\/\/editura-unibuc.ro\/en\/wp-json\/wp\/v2\/media\/10532"}],"wp:attachment":[{"href":"https:\/\/editura-unibuc.ro\/en\/wp-json\/wp\/v2\/media?parent=969"}],"wp:term":[{"taxonomy":"product_brand","embeddable":true,"href":"https:\/\/editura-unibuc.ro\/en\/wp-json\/wp\/v2\/product_brand?post=969"},{"taxonomy":"product_cat","embeddable":true,"href":"https:\/\/editura-unibuc.ro\/en\/wp-json\/wp\/v2\/product_cat?post=969"},{"taxonomy":"product_tag","embeddable":true,"href":"https:\/\/editura-unibuc.ro\/en\/wp-json\/wp\/v2\/product_tag?post=969"}],"curies":[{"name":"wp","href":"https:\/\/api.w.org\/{rel}","templated":true}]}}

MATERIAL AND IMMATERIAL IN THE MEDIEVAL CHURCH. Papers of the Colloquium held in Bucharest 22-23 October 2010 Centre d&#8217;études médiévales de l&#8217;Université de Bucarest/New Europe Collège/Université Lille 3

<p>Le volume est issu d’une perspective interdisciplinaire. Des spécialistes de l’Occident et de l’Orient, des historiens, des historiens de l’art, des philosophes et des littéraires se sont réunis pour discuter autour d’un thème commun, la materialité et immaterialité dans l’ Église médiévale. […] Le thème est formulé de manière à souligner le lien entre la conception architecturale du lieu de culte et l’idée théologique de la communauté pneumatique qu’est l’ Église, entre le langage symbolique du service divin et l’intimité du vécu religieux.</p>

<p>Le volume est issu d’une perspective interdisciplinaire. Des spécialistes de l’Occident et de l’Orient, des historiens, des historiens de l’art, des philosophes et des littéraires se sont réunis pour discuter autour d’un thème commun, la materialité et immaterialité dans l’ Église médiévale. […] Le thème est formulé de manière à souligner le lien entre la [&hellip;]</p>
